ommon divisor of 18 and u?
6
Suppose 4 + 20 = 2*a. Let y = a - -10. Suppose -4 + y = t. What is the greatest common factor of 36 and t?
18
Suppose 14*a - 11*a = -3. Let g be (a - 2) + (-6 - -9). Let f be 2 + g - 552/(-12). Calculate the greatest common divisor of 16 and f.
16
Let h be -1*(3 - 2) + 162/9. Calculate the highest common factor of 7 and h.
1
Let j be (21/7)/((-9)/(-6)). Suppose 5*i = -0*i + j*h + 569, 3*h = 5*i - 566. What is the greatest common divisor of i and 23?
23
Let k(m) = m**3 - 8*m**2 + 8*m - 4. Let t be k(7). Suppose -111 = -2*g - t*v - 43, 4*g - 136 = -4*v. What is the highest common factor of g and 51?
17
Let o be 242 + (-3 - -1)/(-2). Suppose -5*r + 4*p + 98 + 41 = 0, r + 3*p - 24 = 0. What is the highest common factor of r and o?
27
Let k = 397 - 228. Let y be 9*((-940)/(-90) + -9). Calculate the highest common factor of y and k.
13
Let t(j) = -15*j - 1. Let g be t(1). Let r = 61 + g. Suppose 0 = -3*s - n + r, 0 = -2*s - s - 4*n + 54. Calculate the highest common factor of 154 and s.
14
Suppose 4*h + 25 + 135 = 4*f, -4*f + 5*h = -158. Let d = f + -40. Calculate the highest common divisor of d and 4.
2
Let f be 5*5 - (-2 + 2). Suppose -5*g - 980 = 7*m - 11*m, -5*m + g = -1246. Calculate the highest common factor of m and f.
25
Let i be (-570)/(-75) + (-4)/(-10). Suppose 0 = -36*v + 40*v - i. Calculate the greatest common divisor of v and 3.
1
Suppose -27*y = -36*y + 261. Calculate the highest common factor of y and 4.
1
Let y = 11 - 3. Calculate the highest common divisor of y and 256.
8
Suppose 38*o + 24 = 50*o. Let r(p) = 2*p + 4 - 2*p - 2*p. Let v be r(-7). What is the highest common divisor of v and o?
2
Let v = -12 - -14. Let h = 3 - 2. Let g be (1 - v)/(h/(-3)). What is the highest common factor of 6 and g?
3
Let s be (60/8)/(2/(-404)). Let g be s/(-20) - 3/4. Suppose 375 = 4*n + g. Calculate the greatest common divisor of n and 15.
15
Let n be (0 + 0)/(-3) + -1 + 1. Suppose -2*r - 23 = -5*a - n*r, -2*a + 3*r + 7 = 0. Calculate the highest common factor of 5 and a.
5
Let j = 106 - -141. Calculate the greatest common factor of 19 and j.
19
Suppose 2*q + 13 = a, 3*q = -3*a + 26 + 31. Suppose -16*p + a*p = 96. Calculate the highest common divisor of p and 6.
6
Let s be (-16)/20*(-9 + 4) - -71. What is the greatest common factor of s and 6?
3
Let r be (-1)/((-45)/9170) + 6/27. Suppose 19*q - r = 13*q. Calculate the highest common divisor of q and 2.
2
Let t(o) = -o**2 - 8*o + 19. Let v be t(-9). Suppose -j - j - v = 0, b - 7 = j. Calculate the highest common divisor of b and 22.
2
Suppose 5*n + 4 = 3*b + 4*n, -b + 2*n - 7 = 0. Let p(y) = b*y - 5*y + 5*y**2 + 13*y**2. Let o be p(-1). Calculate the greatest common divisor of o and 10.
10
Suppose 9*j - 129 = 33. Suppose 4 - 2 = h. What is the highest common factor of j and h?
2
Let z(m) be the second derivative of -m**4/12 + 5*m**3/3 - 5*m**2/2 - 2*m. Let w be z(7). Let r = -8 + w. Calculate the greatest common divisor of 20 and r.
4
Let b = 37 + 14. Calculate the greatest common factor of 187 and b.
17
Let u be 1*6/(6/319). Calculate the highest common factor of u and 58.
29
Suppose 0 = 8*l - 81 - 611 - 188. Suppose 0 = 4*i + 28 - 108. Calculate the greatest common factor of i and l.
10
Suppose 6*u - 5*t + 21 = 5*u, t = 2*u - 3. Suppose 0 = q + c - 10 - 0, -16 = u*c. What is the highest common divisor of 70 and q?
14
Suppose -7 - 28 = -n. Suppose 0 = -2*t + n + 3. What is the greatest common divisor of 57 and t?
19
Let r = -15 + 17. Let q be -1*(r - (-2 - 0)). Let t be (-9)/(-36) - 3/q. Calculate the greatest common factor of t and 5.
1
Suppose -11 = -4*j - 3*v + 8*v, 3*j = v. Let y be j + (1 - (-3 + -26)). Suppose 0 = -3*s + 197 - y. Calculate the highest common factor of 7 and s.
7
Suppose -h + 64 = -2*k, 2*h - 2*k - 104 = -4*k. Let o be (-132)/88*(-40)/6. Let u = o + h. Calculate the greatest common divisor of u and 165.
33
Let n be 3/5 - 24/(-10). Suppose n*y = -y + 120. Suppose -165 = -5*g + d - 65, 3*g - 60 = 2*d. Calculate the greatest common factor of y and g.
10
Let c = 8 + -5. Suppose 4 = 4*n, v - n = c*v - 29. Let r = 23 - v. Calculate the highest common factor of 72 and r.
9
Suppose 4*d = 5*j + 3*d - 14, 0 = -2*j - 4*d - 12. Suppose 2*c - 10 = 0, k = j*k + 5*c - 28. Let g = k + 3. Calculate the greatest common divisor of g and 6.
6
Let p be (15/(-8))/((-15)/360). Calculate the greatest common divisor of 423 and p.
9
Suppose 20*v - 140 = 60. Calculate the greatest common divisor of v and 160.
10
Let j be 6/21 + (-435)/(-21). Let h be j*((-40)/(-15) - 0). Calculate the highest common divisor of h and 140.
28
Let a = 15 + 19. Let y = -19 + 36. Calculate the greatest common divisor of a and y.
17
Let q = 3 - 1. Let k be (2 + q - -3) + -1. Let c(l) = l**3 - 5*l**2 + l - 4. Let i be c(k). Calculate the highest common factor of 95 and i.
19
Let v be (0 - -2)/(3/66). Calculate the greatest common divisor of 88 and v.
44
Suppose y - 3*r - 10 = -r, 4*y = 3*r + 25. Let v be 10/4*y/2. Suppose 4*l = -2*o + 208, o - v*l - 268 = -2*o. What is the highest common divisor of 12 and o?
12
Let i(r) = 6*r - 74. Let j be i(14). Calculate the highest common divisor of j and 50.
10
Suppose -4*h = 0, -v + 5*h - h = -34. Calculate the highest common factor of v and 2.
2
Let z be -15 - (2 + (-2 - -3)). Let u be (-86)/z + 12/54. Suppose u*g - 48 = 222. What is the greatest common divisor of g and 6?
6
Suppose -5*g + 23 = -4*u - 0*u, -g - u + 1 = 0. Suppose c - x = 13, g*c - x - 35 = -0*c. What is the highest common divisor of c and 22?
11
Suppose -3*c = -9, 0 = 5*n - 5*c + 20 + 45. Let u = 30 + n. What is the highest common divisor of u and 50?
10
Let d(i) = 26*i - 24. Let p be d(5). Suppose -17*g + 557 + p = 0. What is the highest common factor of g and 52?
13
Suppose -3*f = x + 2*x - 585, 4*x - 16 = 0. Let q = -1 + f. Suppose 4*d - 3*o - 165 = -6*o, 0 = 4*d - 2*o - q. Calculate the highest common divisor of d and 5.
5
Let m = 3197 + -1874. Let j be 1*(18/24 - m/(-12)). What is the highest common factor of 37 and j?
37
Suppose -c + 7 = -19. Suppose 14 = -u + c. Calculate the greatest common factor of u and 48.
12
Let y(x) = x**3 + 32*x**2 + 69*x + 8. Let z be y(-28). What is the greatest common factor of z and 12?
12
Let o be (1 + 0)/(27/891). Suppose -70 = 28*b - o*b. What is the highest common divisor of 6 and b?
2
Let f = -9 + 10. Let q be (f/3)/((-2)/(-114)). Calculate the highest common factor of q and 38.
19
Let o(i) be the first derivative of -i**4/4 + 2*i**3 - 2*i**2 + 4*i + 8. Let z be o(4). Let m = -9 + z. What is the highest common divisor of 22 and m?
11
Let z(v) = -10 + 0*v - 3 + v + 6. Let y be z(7). Suppose -4*f - 28 = -4*n, y*n - 2*n - 2*f + 2 = 0. Calculate the highest common factor of 20 and n.
4
Let o(v) be the second derivative of v**4/12 + v**3/6 + 12*v**2 - 6*v. Let p be o(0). Calculate the highest common divisor of p and 18.
6
Suppose -2*d - 2 = 2*y, d - 5*y = -3*d + 41. Suppose d*v = -w - 0*w + 17, -5*v = -2*w + 86. What is the greatest common divisor of 22 and w?
11
Let u be (20/10)/((-2)/4). Let c be -4*((-15)/6 - -2). Let a = c - u. Calculate the greatest common divisor of a and 42.
6
Let f = -354 - -374. Calculate the highest common factor of 110 and f.
10
Let p = -21 - -29. Suppose -20*v + 21*v = 36. Let x be v/p - 2/4. Calculate the greatest common factor of x and 10.
2
Suppose -3*h = -7*h + 120. Let g(c) = -c**2 + 7*c + 26. Let q be g(10). Let y = 16 - q. Calculate the greatest common factor of h and y.
10
Let r(c) = 2*c + 8. Let t be r(-3). Let a(y) = 16*y - 18. Let u be a(t). What is the highest common divisor of 14 and u?
14
Suppose -r - 3*y = -10 - 1, r + 4*y - 15 = 0. Let n = 34 - 30. Let m be -2 + 17 + r - n. Calculate the highest common divisor of 4 and m.
2
Let f(p) = 11*p**2 - 11*p - 34. Let o be f(-3). What is the highest common factor of 1666 and o?
98
Suppose -102*s + 99*s + 135 = 0. Calculate the highest common divisor of s and 35.
5
Let a be (30 - 54/6)/((-6)/(-8)). What is the highest common divisor of 7 and a?
7
Let a(n) = 3*n**2 + 7*n + 1. Let c be -1 - (-3 + 20/4). Let b be a(c). Let u be 688/b - (-6)/(-21). Calculate the highest common divisor of 14 and u.
14
Let b be 3/12 - 2/(32/(-4636)). Calculate the highest common divisor of